+ 2*n + 6 = -n, 0 = 3*x + 2*n + 4. Let q be f(x). Calculate the greatest common factor of q and 14.
7
Let c be 518 - 33/((-198)/(-48)). Calculate the greatest common divisor of c and 110.
10
Let u = 32 - -2. Let a = u - 20. Let g(p) = p**3 + 45*p**2 - 560*p - 23616. Let r be g(-46). Calculate the greatest common divisor of a and r.
14
Let g be 346/14 + (-3 - (-92)/28). Suppose -4*v + 26 = -v - 5*l, -v = 4*l + 14. Let o be (-1746)/(-14) + v/7. Calculate the greatest common divisor of g and o.
25
Let s(u) = -u**3 - 28*u**2 - 3*u - 79. Let k be s(-28). Let v be 5/(-15) + 32/6. What is the highest common factor of v and k?
5
Let y be (4 - 5243)/((-7)/14). Suppose 0 = 18*p - 5*p - y. What is the greatest common factor of p and 13?
13
Let z = 4987 + -4411. Calculate the highest common factor of z and 99.
9
Let b be ((-2)/(-2) - 83)*5/(-10). Let a(i) = i**2 - 38*i - 6. Let v be a(b). Calculate the greatest common divisor of v and 45.
9
Let r(v) = -194*v - 183. Let m be r(-1). Let q(z) = z**3 + z**2 + z + 88. Let n be q(0). Calculate the highest common factor of n and m.
11
Let c(l) = 14*l**2 + 106*l - 8. Let u be c(-8). What is the highest common divisor of u and 125?
5
Let y = -42 - -130. Let w = -89 + y. Let j be (3 - w)*(-190)/40*-1. What is the greatest common divisor of j and 95?
19
Let g(c) = 432*c - 2961. Let w be g(7). Calculate the greatest common factor of 387 and w.
9
Suppose p = -4, -c - 6 = -4*p - 4. Suppose -4*b + 191 = 5*a, a + 50 = b - 0*a. Let r = b + c. Calculate the highest common factor of 62 and r.
31
Let p be (-169)/(-39) - (-2)/3. Suppose 0 = -c + p, 4*l - 8*c + 12*c = 36. What is the greatest common divisor of 32 and l?
4
Let m be ((-300)/40)/(((-57)/(-28))/(-19)). Let t be 5 + -3*(-4)/6. What is the highest common divisor of m and t?
7
Suppose -5*m - b = -55 + 13, m + 2*b = 21. Let p = 17 + -5. Suppose p + 100 = 4*k. What is the highest common factor of m and k?
7
Suppose -3*r = -6*r + 12. Let q = -21989 - -21993. What is the greatest common factor of r and q?
4
Let i = -2083 - -2090. What is the greatest common factor of 112 and i?
7
Let x(v) = -2*v**3 + 16*v**2 - 11*v + 4. Let w be x(6). Let b be (-1 - (-4)/12)*3 + w. What is the highest common divisor of b and 10?
10
Let q be -1*(5610/5)/(-6). What is the greatest common divisor of 605 and q?
11
Let m = 1470 + -1465. Let f = -15 - -21. Suppose -2*h + m*o + 35 = 0, -h + 22 = -f*o + 2*o. What is the highest common factor of 90 and h?
10
Suppose 3*t + 3*z + z - 128 = 0, 2*z - 84 = -2*t. Suppose 10*d - 54 + 194 = 0. Let w be ((-400)/28)/(2/d). What is the greatest common divisor of t and w?
20
Suppose -4*q + 4*i = 32, -7*i - 32 = 3*q - 12*i. Let y be q/(-18) - (-850)/225. What is the greatest common divisor of y and 23?
1
Suppose -v + 2*y + 7346 = 0, 283 - 255 = 4*y. Calculate the highest common factor of 4 and v.
4
Let u be (-2 + (-836)/(-12))*3. Suppose 58 = 103*y - 101*y. Calculate the greatest common divisor of u and y.
29
Let c = 52 - 45. Suppose -l + c = -6. Suppose l*d - 460 = -44. Calculate the highest common divisor of 80 and d.
16
Suppose 560 = 2*m + 362. What is the greatest common factor of 3135 and m?
33
Let j be ((-322)/(-56))/(-23) - (-7092)/16. What is the highest common factor of 31453 and j?
443
Let y(b) = -b**3 + 6*b**2 + b - 5. Let h be y(6). Let k be -5 - ((-50)/h + 0). What is the highest common factor of k and 27?
9
Suppose -2*i - 2 = -2*o - 6, -4*i + 2 = -2*o. Let v(q) = 13*q**2 - 5*q - 3. Let y be v(i). Calculate the greatest common divisor of 18 and y.
3
Let v be 1688 + 4 - (-107 - -105). Calculate the highest common divisor of 1848 and v.
154
Let c(j) = -j**2 + 15*j - 8. Let x be c(13). Suppose -z = 2*s + s - x, -8 = -s - z. Suppose 2 = 6*h - s*h. What is the highest common divisor of h and 16?
2
Let g be (-1)/(100/(-33) + 3). Let z be (3 + 9/(-15))*(-5)/(-4). What is the highest common factor of g and z?
3
Let x be (-413)/(-14) + (-2)/(-4). Suppose 191 = -62*z + 935. What is the highest common factor of x and z?
6
Suppose 3*t + 5*f - 23 = 0, 4*t - 3*t - 2*f - 4 = 0. Let k = 31 - t. Suppose -15948 + 2223 = -61*i. Calculate the greatest common factor of i and k.
25
Suppose j - 9 = 4*r, 38*j + 5*r = 36*j + 57. Calculate the highest common factor of j and 8820.
21
Let x = -71 - -169. Let h = 38 - -4. What is the greatest common divisor of h and x?
14
Let v = -505 + 1069. Suppose 0 = -22*g + 19*g + v. What is the highest common factor of g and 4?
4
Let w = 26 + -23. Suppose -14*m + 4765 = -m + 514. What is the greatest common factor of m and w?
3
Let c be (7 + -3)*(-33)/(-4). Let h be 216/120*440/12. What is the greatest common factor of c and h?
33
Suppose 0 = -4*g + 3*l + 1500, -2*g = 2*l - 1159 + 395. What is the highest common factor of 252 and g?
126
Suppose 0*i = 2*n - 4*i - 230, -4*n = -2*i - 430. Let y = 69 + -27. What is the highest common divisor of n and y?
21
Let s be ((-75)/45)/((2*-1)/36). Suppose 132 = -7*y + y. Let z = y + s. What is the greatest common factor of z and 32?
8
Let h be (6*2)/(114/76). Let v(c) = -4*c**3 + 6*c + 4. Let u be v(-2). Calculate the greatest common divisor of h and u.
8
Suppose -4*k + 5*k - 2*x = 412, -2*k + 2*x + 832 = 0. Suppose -3*b = -4*z + 41, 4*b - 1 = z + b. What is the greatest common divisor of z and k?
14
Let z be (((-56)/35)/(-2))/(1197/(-1200) + 1). What is the greatest common divisor of 880 and z?
80
Let t be ((-928)/48)/((-1)/(-3)). Let a be t/(-319) - (-273)/11. Suppose 0 = 5*x - 24 - 1. Calculate the highest common factor of a and x.
5
Let w(c) = c + 4. Let a be w(0). Suppose 3*b - a*x - 58 = 0, 102 = 5*b - 3*x + 20. Suppose -13*j + b*j = 1. What is the greatest common factor of j and 8?
1
Let p = 111 - 37. Let x = 49 - 87. Let y = p + x. Calculate the greatest common factor of 12 and y.
12
Let i be 1023 + -1 + (24 - 27). Let q = i + -515. Calculate the greatest common factor of 8 and q.
8
Let n = 275 + 4908. Calculate the highest common factor of n and 73.
73
Suppose 4727 + 6238 = 51*k. Calculate the highest common divisor of k and 301.
43
Let j = 5620 - 4203. What is the greatest common divisor of j and 218?
109
Let w = 8054 - 7894. Calculate the greatest common divisor of w and 60.
20
Let l be (-1706)/30 + (-18)/135 + -3. Let h = l - -62. Suppose 0 = 6*g - h*g - 320. Calculate the greatest common factor of 32 and g.
16
Let s be 9/(-6)*2 + (11 - -22). Let x be 15/2*(-120)/(-25). Calculate the highest common factor of s and x.
6
Let d = 94024 + -47449. What is the greatest common factor of 690 and d?
345
Suppose 19*n = 17*n + 128. Suppose 2*w + 3*s + n = 0, 17 = -2*w + 3*s - 23. Let y = 42 + w. What is the highest common factor of 20 and y?
4
Let u = -16905 + 28421. What is the greatest common divisor of 4 and u?
4
Let c = -616 - -905. What is the highest common factor of 68 and c?
17
Let y = -819 - -6157. What is the greatest common divisor of y and 34?
34
Let b = -71 - -92. Suppose -65 = -5*j - 5*d, -4*j + 3*d + 31 = -b. Let s be (-2*(-1)/2)/(j/299). What is the greatest common factor of s and 46?
23
Let m be (2*-2 - (-60)/14) + 7614/7. Calculate the highest common factor of m and 128.
64
Let a(l) be the first derivative of l**3/3 + 5*l**2/2 - 16*l + 36. Let o be a(7). Calculate the highest common divisor of 51 and o.
17
Let u = 645 + -618. Calculate the highest common divisor of u and 1593.
27
Suppose -n - 3*y + 22 = 0, -5*n + n - 4*y + 104 = 0. Let l(u) = 77*u**2. Let s be l(-2). Calculate the highest common divisor of n and s.
28
Let a be 9*14/(-21) - 9. Let h be a/5 + 5 - -142. What is the greatest common factor of h and 36?
36
Let c be 11151/252 - 6*(-3)/(-8). Calculate the greatest common factor of 4242 and c.
42
Let j(g) = g**2 - 31*g + 181. Let b be j(31). Suppose 521 - b = 20*f. Suppose -2 - 151 = -d. What is the highest common divisor of d and f?
17
Suppose -6*p - 19*p + 75 = 0. Suppose -4*c + i = -220, 6*c - p*i = c + 282. Calculate the highest common factor of c and 24.
6
Let z = 8 + -6. Let r = 51 - 31. Let j be ((-56)/r)/(3/(-15)). Calculate the greatest common factor of j and z.
2
Let x(n) = 3*n**2 - 24*n + 68. Let t be x(12). What is the greatest common divisor of 901 and t?
53
Let j be (-969)/(-21) - (-11)/(6 + -83). What is the highest common divisor of 299 and j?
23
Let 